of o and a?
12
Suppose -5*g + 27 = 4*g. Suppose 14 = d + 3*l, g*d + l + 56 = 7*d. Let x = -100 + 212. What is the highest common divisor of x and d?
14
Let k = -453 + 760. Suppose -20 = -5*c, -3*f = -3*c + c - k. Suppose 4 = 3*z + 2*g - 59, -5*g = -5*z + f. What is the highest common factor of 21 and z?
21
Let p(t) = 2*t**2 - 5*t + 6. Let s be p(2). Suppose 0 = o + 10 - 7, -s*z + o = -11. What is the highest common factor of z and 82?
2
Suppose 0 = 23*v - 4193 + 145. What is the highest common divisor of 484 and v?
44
Let d = -144 + 146. Let m(c) = 201*c + 3. Let i be m(d). Calculate the greatest common divisor of i and 45.
45
Let y be (6/7)/((-11)/(847/(-22))). What is the greatest common factor of y and 780?
3
Suppose 12*f + 2*l - 89 = 11*f, 0 = 3*f - 3*l - 231. Calculate the highest common factor of f and 2.
1
Let j = 4341 - 4313. What is the greatest common factor of j and 84?
28
Let b = -3851 - -3887. Calculate the greatest common divisor of b and 2286.
18
Let p be (4/(-14))/(-1)*(-21)/(-3). Let k(f) = 2*f**2 + 2*f - 7. Let a be k(p). Suppose -3*g + 11 = -4. Calculate the greatest common factor of g and a.
5
Let z(a) = -a**3 + 12*a**2 + 5*a + 112. Suppose -n - 2*n - 15 = 0, 5*l - 85 = 4*n. Let g be z(l). What is the greatest common factor of 28 and g?
4
Let r = -1232 + 1231. Let k be r*(-8)/(-8)*-1. Let m(d) = -d**3 + 3*d + 1. Let n be m(-3). What is the greatest common divisor of k and n?
1
Let g(f) = -3*f**3 + 14*f**2 - 16*f + 6. Let w be g(11). Let i = w + -913. Let s be (-4)/26 + i/(-13). Calculate the highest common factor of s and 26.
26
Suppose -5*u - 4*o = -u - 2772, -4*o = -3*u + 2093. Let y = 79 + 409. Let g = u - y. Calculate the greatest common factor of g and 23.
23
Suppose -30*l - 30*l = -10080. What is the highest common divisor of 189 and l?
21
Let p = -28 - -28. Suppose 0 = 4*k - 12, 4*a - a + 2*k - 21 = p. Let l be a - 9 - (-50 - 2). Calculate the highest common divisor of 12 and l.
12
Let f be 22/8 + 9/(-12). Suppose 4*t + 229 = r, f*t - 3*r - 183 = 5*t. Let m = t - -82. Calculate the highest common factor of m and 8.
8
Let c = -7090 - -7099. Calculate the greatest common factor of 1341 and c.
9
Suppose -2*r = -i - 41, -5*r - 22*i = -17*i - 65. Suppose 3*z - 270 = -g + 3*g, 0 = -z - 5*g + 90. Calculate the greatest common divisor of z and r.
18
Let f be ((-12)/(-14))/(3/(-42)). Suppose -4 = x - 2*d + 8, d = 4*x + 13. Let i = x - f. Calculate the greatest common factor of i and 40.
10
Let u = -12139 + 12151. Calculate the highest common divisor of u and 192.
12
Let k(v) = 4*v**2 + 9*v - 46. Let l be k(8). Let t = l + -192. Calculate the greatest common factor of 30 and t.
30
Suppose -5361 - 5135 = -32*t. Let a = 337 - t. What is the highest common divisor of a and 549?
9
Let m(u) = -u**3 + 18*u**2 + 140*u. Let i be m(-6). Calculate the greatest common factor of i and 3396.
12
Let j(v) = 894*v**3 + 3*v**2 - 34*v + 75. Let x be j(2). Calculate the greatest common divisor of x and 568.
71
Let m = 12008 + -11996. Suppose 0 = 3*z - 75 - 249. What is the highest common divisor of m and z?
12
Suppose -9*l - 59 = -329. Let j be (-54)/(-4)*260/l. Suppose -8*m - j = -9*m. Calculate the highest common divisor of 9 and m.
9
Suppose 397 = 5*j - 243. Let n = j - 209. Let b = -26 - n. What is the greatest common factor of 11 and b?
11
Suppose -4*b + 85 = -2*d + d, -b = 4*d - 17. Suppose -68*q + 24*q = -176. Let x be q/(-56) + (-37062)/(-252). Calculate the greatest common factor of x and b.
21
Let x(l) = 8*l + 9. Let r(z) = -z - 6. Let y be r(-8). Suppose -y*m = -52 + 48. Let c be x(m). Calculate the greatest common factor of 25 and c.
25
Let r be ((-7)/3)/((-1)/9). Let m(u) = -u**3 - 26*u**2 + 5. Let s be m(-26). Suppose 27 = -s*y + 97. What is the greatest common divisor of r and y?
7
Suppose 23*s - 20*s = -114. Let d = s + 41. Let u(r) = 49*r - 4. Let w be u(d). What is the greatest common factor of w and 13?
13
Let r = 18 + -14. Suppose 0 = r*f + 2*y - 42, y + 5 = 6*y. Let b be (-22)/(-165) - 8386/(-105). Calculate the greatest common factor of b and f.
10
Let a(p) = -p**3 - 12*p**2 - 14*p. Let f be a(-12). Let x = -143 + f. Calculate the highest common factor of 50 and x.
25
Let b(k) = -k**3 - 19*k**2 + 8*k + 3. Let o be b(-20). Let g = -1187 + 1511. What is the greatest common divisor of g and o?
81
Let h(f) = 25*f - 100. Let v be h(5). Suppose 2754 = v*u - 7*u. What is the highest common factor of 119 and u?
17
Let p(b) be the second derivative of -24*b - 9*b**2 - 17/6*b**3 + 1/12*b**4 + 0. Let c be p(19). Calculate the greatest common factor of c and 180.
20
Let q be -1*-3*10/6. Suppose -4*f = k - f - 24, 4*k = -q*f + 61. Let c be 15/50*-15*36/(-2). What is the highest common factor of c and k?
9
Let s = 790 - 786. Suppose s*w + 3*r = -2*r + 735, 3*r - 189 = -w. Let q be (1 - 14/(-4))*16. Calculate the highest common factor of w and q.
36
Let u = 3720 + -3468. What is the greatest common divisor of 42 and u?
42
Suppose 9822*d - 90 = 9817*d. Calculate the greatest common divisor of d and 738.
18
Let g(y) = 34*y**3 + 26*y**2 - 136*y - 22. Let j be g(6). Calculate the highest common divisor of j and 366.
122
Suppose 28*g - 23*g - 3132 = 4*x, -g + x = -625. Calculate the greatest common factor of 40 and g.
8
Let w be 1 + (-10)/75 + 67654/30. What is the highest common divisor of w and 3666?
282
Suppose 0 = 2*d + 5*a - 6 - 26, 0 = 2*d + 4*a - 30. Suppose 5 + d = 2*i. Let w = -26 + 42. Calculate the highest common divisor of i and w.
8
Let h be ((-6)/(-4) - (-7 + 11))*-2. Let g be (-4)/h - (9 - (-995)/(-25)). What is the greatest common divisor of 390 and g?
30
Let q = -3 - -19. Let x(k) = 2*k + 34. Let t be x(-9). Calculate the highest common factor of q and t.
16
Let m(s) = -5*s**3 - 3*s**2 + 109*s. Let j be m(-10). What is the highest common divisor of j and 20?
10
Let s = 30 - 16. Let j be (132/s)/((-2)/(-14)). Suppose 5*l + 12 = 8*l + 2*a, 4*l - a - 27 = 0. Calculate the highest common divisor of l and j.
6
Let v = -8316 - -8402. What is the highest common divisor of v and 7611?
43
Let q(m) = m**2 - m - 27. Let a be q(6). What is the greatest common divisor of 141 and a?
3
Let c be 37440/396 + 48/33 + (1 - 3). Calculate the greatest common factor of c and 8977.
47
Let h = 173 - 148. Suppose -3*d + h*d - 352 = 0. Calculate the highest common divisor of d and 12.
4
Let r(n) = 118*n + 1776. Let k be r(-15). What is the highest common divisor of 6 and k?
6
Let p(z) = 27*z**2 + z. Let h be p(-1). Let v = 389 - 245. Let u = v + -105. Calculate the highest common factor of u and h.
13
Let a(f) = 46*f - 2862. Let x be a(65). What is the highest common divisor of x and 4672?
64
Suppose 2*r = -22 + 54. Let c = -149 + 301. What is the greatest common divisor of r and c?
8
Let b = 15619 + -15530. Calculate the greatest common factor of 20381 and b.
89
Let c = -357 + 362. Let m be (c - -3)*(2 - -1). Calculate the highest common divisor of m and 88.
8
Let h = 1536 - 1527. What is the highest common divisor of h and 432?
9
Let v = -2443 - -3501. Let j be (-4 - (-6 + 11)) + -2 - -57. What is the highest common factor of j and v?
46
Suppose -2*l = -l + 11. Let p be -12 - l - (1 - 143 - -1). Suppose n - 2*n = k - p, -k = -n - 130. Calculate the greatest common divisor of 15 and k.
15
Suppose -211*f + 1124761 - 781926 + 1768009 = 0. What is the greatest common factor of f and 164?
164
Let l(f) = f**3 - f**2 + f - 59. Let x be l(0). Let z be (2 + 4)*x/(-2). Let k = z + -1. What is the highest common factor of 22 and k?
22
Suppose -2112 = 14116*y - 14127*y. Calculate the highest common divisor of y and 348.
12
Let r(b) = b**2 + 29*b - 51. Let n be r(-31). Let u be (-268)/(-6) - (-10)/(-15). What is the highest common divisor of u and n?
11
Let m(z) = 25*z**3 + 2*z**2 - 2*z - 5. Let r be m(-2). Let t = r - -221. Calculate the highest common factor of t and 308.
28
Suppose 2*q - n = 1545, 2*n - 807 - 2279 = -4*q. Let i = q + -412. Calculate the greatest common factor of 15 and i.
15
Let m be (-1885)/17 + (-2)/17. Let n = m + 164. Let l = -32 + n. Calculate the greatest common divisor of 7 and l.
7
Let j(o) = -91 + 14 - 27*o + o**2 + 2. Let u be j(30). Let n(q) = q**2 - 6*q + 3. Let k be n(6). Calculate the highest common factor of u and k.
3
Let 